{"id":6,"date":"2020-04-03T16:57:41","date_gmt":"2020-04-03T16:57:41","guid":{"rendered":"https:\/\/iskid.org.tr\/ichavakalitesi\/?page_id=6"},"modified":"2026-01-15T11:56:29","modified_gmt":"2026-01-15T11:56:29","slug":"ic-hava-kalitesi","status":"publish","type":"page","link":"https:\/\/iskid.org.tr\/ichavakalitesi\/","title":{"rendered":"\u0130\u00e7 Hava Kalitesi"},"content":{"rendered":"\n<p><strong>\u0130SK\u0130D<br><\/strong>\u0130klimlendirme So\u011futma Klima \u0130malat\u00e7\u0131lar\u0131 Derne\u011fi<\/p>\n\n\n\n<p>1992 y\u0131l\u0131nda kurularak 100\u2019den fazla \u00fcyesi ile T\u00fcrkiye \u0130klimlendirme Pazar\u0131&#8217;n\u0131n&nbsp;%90\u2019\u0131n\u0131 temsil eden&nbsp;<a href=\"https:\/\/iskid.org.tr\/\" target=\"_blank\" rel=\"noreferrer noopener\"><strong>\u0130SK\u0130D<\/strong><\/a>, g\u00fcn\u00fcm\u00fczde HVAC end\u00fcstrisinin \u00fczerinde \u00e7al\u0131\u015ft\u0131\u011f\u0131 \u00f6nemli konulardan olan&nbsp;<strong>\u201c\u0130\u00c7 HAVA KAL\u0130TES\u0130\u201d<\/strong>&nbsp;ile ilgili toplumda bilin\u00e7 olu\u015fturmak ve fark\u0131ndal\u0131k yaratmak amac\u0131yla bir \u00e7al\u0131\u015fma ba\u015flatm\u0131\u015ft\u0131r.<\/p>\n","protected":false},"excerpt":{"rendered":"<p>\u0130SK\u0130D\u0130klimlendirme So\u011futma Klima \u0130malat\u00e7\u0131lar\u0131 Derne\u011fi 1992 y\u0131l\u0131nda kurularak 100\u2019den fazla \u00fcyesi ile T\u00fcrkiye \u0130klimlendirme Pazar\u0131&#8217;n\u0131n&nbsp;%90\u2019\u0131n\u0131 temsil eden&nbsp;\u0130SK\u0130D, g\u00fcn\u00fcm\u00fczde HVAC end\u00fcstrisinin \u00fczerinde \u00e7al\u0131\u015ft\u0131\u011f\u0131 \u00f6nemli konulardan olan&nbsp;\u201c\u0130\u00c7 HAVA KAL\u0130TES\u0130\u201d&nbsp;ile ilgili toplumda bilin\u00e7 olu\u015fturmak ve fark\u0131ndal\u0131k yaratmak amac\u0131yla bir \u00e7al\u0131\u015fma ba\u015flatm\u0131\u015ft\u0131r.<\/p>\n","protected":false},"author":1,"featured_media":1085,"parent":0,"menu_order":0,"comment_status":"closed","ping_status":"closed","template":"","meta":{"jetpack_post_was_ever_published":false,"footnotes":""},"yoast_head":"<!-- This site is optimized with the Yoast SEO plugin v24.5 - https:\/\/yoast.com\/wordpress\/plugins\/seo\/ -->\n<title>\u0130\u00e7 Hava Kalitesi - \u0130skid \/ \u0130klimlendirme So\u011futma Klima \u0130malat\u00e7\u0131lar\u0131 Derne\u011fi<\/title>\n<meta name=\"description\" content=\"1992 y\u0131l\u0131nda kurulan \u0130SK\u0130D, g\u00fcn\u00fcm\u00fczde HVAC end\u00fcstrisinin \u00fczerinde \u00e7al\u0131\u015ft\u0131\u011f\u0131 \u00f6nemli konulardan olan \u201c i\u00e7 hava kalitesi\u201d ile ilgili bir \u00e7al\u0131\u015fma ba\u015flatm\u0131\u015ft\u0131r.\" \/>\n<meta name=\"robots\" content=\"index, follow, max-snippet:-1, max-image-preview:large, max-video-preview:-1\" \/>\n<link rel=\"canonical\" href=\"https:\/\/iskid.org.tr\/ichavakalitesi\/\" \/>\n<meta property=\"og:locale\" content=\"tr_TR\" \/>\n<meta property=\"og:type\" content=\"article\" \/>\n<meta property=\"og:title\" content=\"\u0130\u00e7 Hava Kalitesi - \u0130skid \/ \u0130klimlendirme So\u011futma Klima \u0130malat\u00e7\u0131lar\u0131 Derne\u011fi\" \/>\n<meta property=\"og:description\" content=\"1992 y\u0131l\u0131nda kurulan \u0130SK\u0130D, g\u00fcn\u00fcm\u00fczde HVAC end\u00fcstrisinin \u00fczerinde \u00e7al\u0131\u015ft\u0131\u011f\u0131 \u00f6nemli konulardan olan \u201c i\u00e7 hava kalitesi\u201d ile ilgili bir \u00e7al\u0131\u015fma ba\u015flatm\u0131\u015ft\u0131r.\" \/>\n<meta property=\"og:url\" content=\"https:\/\/iskid.org.tr\/ichavakalitesi\/\" \/>\n<meta property=\"og:site_name\" content=\"\u0130\u00e7 Hava Kalitesi\" \/>\n<meta property=\"article:modified_time\" content=\"2026-01-15T11:56:29+00:00\" \/>\n<meta property=\"og:image\" content=\"https:\/\/iskid.org.tr\/ichavakalitesi\/wp-content\/uploads\/2020\/04\/\u0130\u00e7-Hava-Kalitesi-8-1.jpg\" \/>\n\t<meta property=\"og:image:width\" content=\"900\" \/>\n\t<meta property=\"og:image:height\" content=\"600\" \/>\n\t<meta property=\"og:image:type\" content=\"image\/jpeg\" \/>\n<meta name=\"twitter:card\" content=\"summary_large_image\" \/>\n<script type=\"application\/ld+json\" class=\"yoast-schema-graph\">{\"@context\":\"https:\/\/schema.org\",\"@graph\":[{\"@type\":\"WebPage\",\"@id\":\"https:\/\/iskid.org.tr\/ichavakalitesi\/\",\"url\":\"https:\/\/iskid.org.tr\/ichavakalitesi\/\",\"name\":\"\u0130\u00e7 Hava Kalitesi - \u0130skid \/ \u0130klimlendirme So\u011futma Klima \u0130malat\u00e7\u0131lar\u0131 Derne\u011fi\",\"isPartOf\":{\"@id\":\"https:\/\/iskid.org.tr\/ichavakalitesi\/#website\"},\"primaryImageOfPage\":{\"@id\":\"https:\/\/iskid.org.tr\/ichavakalitesi\/#primaryimage\"},\"image\":{\"@id\":\"https:\/\/iskid.org.tr\/ichavakalitesi\/#primaryimage\"},\"thumbnailUrl\":\"https:\/\/iskid.org.tr\/ichavakalitesi\/wp-content\/uploads\/2020\/04\/\u0130\u00e7-Hava-Kalitesi-8-1.jpg\",\"datePublished\":\"2020-04-03T16:57:41+00:00\",\"dateModified\":\"2026-01-15T11:56:29+00:00\",\"description\":\"1992 y\u0131l\u0131nda kurulan \u0130SK\u0130D, g\u00fcn\u00fcm\u00fczde HVAC end\u00fcstrisinin \u00fczerinde \u00e7al\u0131\u015ft\u0131\u011f\u0131 \u00f6nemli konulardan olan \u201c i\u00e7 hava kalitesi\u201d ile ilgili bir \u00e7al\u0131\u015fma ba\u015flatm\u0131\u015ft\u0131r.\",\"breadcrumb\":{\"@id\":\"https:\/\/iskid.org.tr\/ichavakalitesi\/#breadcrumb\"},\"inLanguage\":\"tr\",\"potentialAction\":[{\"@type\":\"ReadAction\",\"target\":[\"https:\/\/iskid.org.tr\/ichavakalitesi\/\"]}]},{\"@type\":\"ImageObject\",\"inLanguage\":\"tr\",\"@id\":\"https:\/\/iskid.org.tr\/ichavakalitesi\/#primaryimage\",\"url\":\"https:\/\/iskid.org.tr\/ichavakalitesi\/wp-content\/uploads\/2020\/04\/\u0130\u00e7-Hava-Kalitesi-8-1.jpg\",\"contentUrl\":\"https:\/\/iskid.org.tr\/ichavakalitesi\/wp-content\/uploads\/2020\/04\/\u0130\u00e7-Hava-Kalitesi-8-1.jpg\",\"width\":900,\"height\":600,\"caption\":\"\u0130\u00e7 Hava Kalitesi\"},{\"@type\":\"BreadcrumbList\",\"@id\":\"https:\/\/iskid.org.tr\/ichavakalitesi\/#breadcrumb\",\"itemListElement\":[{\"@type\":\"ListItem\",\"position\":1,\"name\":\"Ana sayfa\",\"item\":\"https:\/\/iskid.org.tr\/ichavakalitesi\/\"},{\"@type\":\"ListItem\",\"position\":2,\"name\":\"\u0130\u00e7 Hava Kalitesi\"}]},{\"@type\":\"WebSite\",\"@id\":\"https:\/\/iskid.org.tr\/ichavakalitesi\/#website\",\"url\":\"https:\/\/iskid.org.tr\/ichavakalitesi\/\",\"name\":\"\u0130\u00e7 Hava Kalitesi\",\"description\":\"\u0130skid\",\"potentialAction\":[{\"@type\":\"SearchAction\",\"target\":{\"@type\":\"EntryPoint\",\"urlTemplate\":\"https:\/\/iskid.org.tr\/ichavakalitesi\/?s={search_term_string}\"},\"query-input\":{\"@type\":\"PropertyValueSpecification\",\"valueRequired\":true,\"valueName\":\"search_term_string\"}}],\"inLanguage\":\"tr\"}]}<\/script>\n<!-- \/ Yoast SEO plugin. -->","yoast_head_json":{"title":"\u0130\u00e7 Hava Kalitesi - \u0130skid \/ \u0130klimlendirme So\u011futma Klima \u0130malat\u00e7\u0131lar\u0131 Derne\u011fi","description":"1992 y\u0131l\u0131nda kurulan \u0130SK\u0130D, g\u00fcn\u00fcm\u00fczde HVAC end\u00fcstrisinin \u00fczerinde \u00e7al\u0131\u015ft\u0131\u011f\u0131 \u00f6nemli konulardan olan \u201c i\u00e7 hava kalitesi\u201d ile ilgili bir \u00e7al\u0131\u015fma ba\u015flatm\u0131\u015ft\u0131r.","robots":{"index":"index","follow":"follow","max-snippet":"max-snippet:-1","max-image-preview":"max-image-preview:large","max-video-preview":"max-video-preview:-1"},"canonical":"https:\/\/iskid.org.tr\/ichavakalitesi\/","og_locale":"tr_TR","og_type":"article","og_title":"\u0130\u00e7 Hava Kalitesi - \u0130skid \/ \u0130klimlendirme So\u011futma Klima \u0130malat\u00e7\u0131lar\u0131 Derne\u011fi","og_description":"1992 y\u0131l\u0131nda kurulan \u0130SK\u0130D, g\u00fcn\u00fcm\u00fczde HVAC end\u00fcstrisinin \u00fczerinde \u00e7al\u0131\u015ft\u0131\u011f\u0131 \u00f6nemli konulardan olan \u201c i\u00e7 hava kalitesi\u201d ile ilgili bir \u00e7al\u0131\u015fma ba\u015flatm\u0131\u015ft\u0131r.","og_url":"https:\/\/iskid.org.tr\/ichavakalitesi\/","og_site_name":"\u0130\u00e7 Hava Kalitesi","article_modified_time":"2026-01-15T11:56:29+00:00","og_image":[{"width":900,"height":600,"url":"https:\/\/iskid.org.tr\/ichavakalitesi\/wp-content\/uploads\/2020\/04\/\u0130\u00e7-Hava-Kalitesi-8-1.jpg","type":"image\/jpeg"}],"twitter_card":"summary_large_image","schema":{"@context":"https:\/\/schema.org","@graph":[{"@type":"WebPage","@id":"https:\/\/iskid.org.tr\/ichavakalitesi\/","url":"https:\/\/iskid.org.tr\/ichavakalitesi\/","name":"\u0130\u00e7 Hava Kalitesi - \u0130skid \/ \u0130klimlendirme So\u011futma Klima \u0130malat\u00e7\u0131lar\u0131 Derne\u011fi","isPartOf":{"@id":"https:\/\/iskid.org.tr\/ichavakalitesi\/#website"},"primaryImageOfPage":{"@id":"https:\/\/iskid.org.tr\/ichavakalitesi\/#primaryimage"},"image":{"@id":"https:\/\/iskid.org.tr\/ichavakalitesi\/#primaryimage"},"thumbnailUrl":"https:\/\/iskid.org.tr\/ichavakalitesi\/wp-content\/uploads\/2020\/04\/\u0130\u00e7-Hava-Kalitesi-8-1.jpg","datePublished":"2020-04-03T16:57:41+00:00","dateModified":"2026-01-15T11:56:29+00:00","description":"1992 y\u0131l\u0131nda kurulan \u0130SK\u0130D, g\u00fcn\u00fcm\u00fczde HVAC end\u00fcstrisinin \u00fczerinde \u00e7al\u0131\u015ft\u0131\u011f\u0131 \u00f6nemli konulardan olan \u201c i\u00e7 hava kalitesi\u201d ile ilgili bir \u00e7al\u0131\u015fma ba\u015flatm\u0131\u015ft\u0131r.","breadcrumb":{"@id":"https:\/\/iskid.org.tr\/ichavakalitesi\/#breadcrumb"},"inLanguage":"tr","potentialAction":[{"@type":"ReadAction","target":["https:\/\/iskid.org.tr\/ichavakalitesi\/"]}]},{"@type":"ImageObject","inLanguage":"tr","@id":"https:\/\/iskid.org.tr\/ichavakalitesi\/#primaryimage","url":"https:\/\/iskid.org.tr\/ichavakalitesi\/wp-content\/uploads\/2020\/04\/\u0130\u00e7-Hava-Kalitesi-8-1.jpg","contentUrl":"https:\/\/iskid.org.tr\/ichavakalitesi\/wp-content\/uploads\/2020\/04\/\u0130\u00e7-Hava-Kalitesi-8-1.jpg","width":900,"height":600,"caption":"\u0130\u00e7 Hava Kalitesi"},{"@type":"BreadcrumbList","@id":"https:\/\/iskid.org.tr\/ichavakalitesi\/#breadcrumb","itemListElement":[{"@type":"ListItem","position":1,"name":"Ana sayfa","item":"https:\/\/iskid.org.tr\/ichavakalitesi\/"},{"@type":"ListItem","position":2,"name":"\u0130\u00e7 Hava Kalitesi"}]},{"@type":"WebSite","@id":"https:\/\/iskid.org.tr\/ichavakalitesi\/#website","url":"https:\/\/iskid.org.tr\/ichavakalitesi\/","name":"\u0130\u00e7 Hava Kalitesi","description":"\u0130skid","potentialAction":[{"@type":"SearchAction","target":{"@type":"EntryPoint","urlTemplate":"https:\/\/iskid.org.tr\/ichavakalitesi\/?s={search_term_string}"},"query-input":{"@type":"PropertyValueSpecification","valueRequired":true,"valueName":"search_term_string"}}],"inLanguage":"tr"}]}},"jetpack_sharing_enabled":true,"_links":{"self":[{"href":"https:\/\/iskid.org.tr\/ichavakalitesi\/wp-json\/wp\/v2\/pages\/6"}],"collection":[{"href":"https:\/\/iskid.org.tr\/ichavakalitesi\/wp-json\/wp\/v2\/pages"}],"about":[{"href":"https:\/\/iskid.org.tr\/ichavakalitesi\/wp-json\/wp\/v2\/types\/page"}],"author":[{"embeddable":true,"href":"https:\/\/iskid.org.tr\/ichavakalitesi\/wp-json\/wp\/v2\/users\/1"}],"replies":[{"embeddable":true,"href":"https:\/\/iskid.org.tr\/ichavakalitesi\/wp-json\/wp\/v2\/comments?post=6"}],"version-history":[{"count":5,"href":"https:\/\/iskid.org.tr\/ichavakalitesi\/wp-json\/wp\/v2\/pages\/6\/revisions"}],"predecessor-version":[{"id":2149,"href":"https:\/\/iskid.org.tr\/ichavakalitesi\/wp-json\/wp\/v2\/pages\/6\/revisions\/2149"}],"wp:featuredmedia":[{"embeddable":true,"href":"https:\/\/iskid.org.tr\/ichavakalitesi\/wp-json\/wp\/v2\/media\/1085"}],"wp:attachment":[{"href":"https:\/\/iskid.org.tr\/ichavakalitesi\/wp-json\/wp\/v2\/media?parent=6"}],"curies":[{"name":"wp","href":"https:\/\/api.w.org\/{rel}","templated":true}]}}

İç Hava Kalitesi

<p><strong>İSKİD<br></strong>İklimlendirme Soğutma Klima İmalatçıları Derneği</p>



<p>1992 yılında kurularak 100’den fazla üyesi ile Türkiye İklimlendirme Pazarı&#8217;nın&nbsp;%90’ını temsil eden&nbsp;<a href="https://iskid.org.tr/" target="_blank" rel="noreferrer noopener"><strong>İSKİD</strong></a>, günümüzde HVAC endüstrisinin üzerinde çalıştığı önemli konulardan olan&nbsp;<strong>“İÇ HAVA KALİTESİ”</strong>&nbsp;ile ilgili toplumda bilinç oluşturmak ve farkındalık yaratmak amacıyla bir çalışma başlatmıştır.</p>

<p>İSKİDİklimlendirme Soğutma Klima İmalatçıları Derneği 1992 yılında kurularak 100’den fazla üyesi ile Türkiye İklimlendirme Pazarı&#8217;nın&nbsp;%90’ını temsil eden&nbsp;İSKİD, günümüzde HVAC endüstrisinin üzerinde çalıştığı önemli konulardan olan&nbsp;“İÇ HAVA KALİTESİ”&nbsp;ile ilgili toplumda bilinç oluşturmak ve farkındalık yaratmak amacıyla bir çalışma başlatmıştır.</p>

<!-- This site is optimized with the Yoast SEO plugin v24.5 - https://yoast.com/wordpress/plugins/seo/ -->
<title>İç Hava Kalitesi - İskid / İklimlendirme Soğutma Klima İmalatçıları Derneği</title>
<meta name="description" content="1992 yılında kurulan İSKİD, günümüzde HVAC endüstrisinin üzerinde çalıştığı önemli konulardan olan “ iç hava kalitesi” ile ilgili bir çalışma başlatmıştır." />
<meta name="robots" content="index, follow, max-snippet:-1, max-image-preview:large, max-video-preview:-1" />
<link rel="canonical" href="https://iskid.org.tr/ichavakalitesi/" />
<meta property="og:locale" content="tr_TR" />
<meta property="og:type" content="article" />
<meta property="og:title" content="İç Hava Kalitesi - İskid / İklimlendirme Soğutma Klima İmalatçıları Derneği" />
<meta property="og:description" content="1992 yılında kurulan İSKİD, günümüzde HVAC endüstrisinin üzerinde çalıştığı önemli konulardan olan “ iç hava kalitesi” ile ilgili bir çalışma başlatmıştır." />
<meta property="og:url" content="https://iskid.org.tr/ichavakalitesi/" />
<meta property="og:site_name" content="İç Hava Kalitesi" />
<meta property="article:modified_time" content="2026-01-15T11:56:29+00:00" />
<meta property="og:image" content="https://iskid.org.tr/ichavakalitesi/wp-content/uploads/2020/04/İç-Hava-Kalitesi-8-1.jpg" />
	<meta property="og:image:width" content="900" />
	<meta property="og:image:height" content="600" />
	<meta property="og:image:type" content="image/jpeg" />
<meta name="twitter:card" content="summary_large_image" />
<script type="application/ld+json" class="yoast-schema-graph">{"@context":"https://schema.org","@graph":[{"@type":"WebPage","@id":"https://iskid.org.tr/ichavakalitesi/","url":"https://iskid.org.tr/ichavakalitesi/","name":"İç Hava Kalitesi - İskid / İklimlendirme Soğutma Klima İmalatçıları Derneği","isPartOf":{"@id":"https://iskid.org.tr/ichavakalitesi/#website"},"primaryImageOfPage":{"@id":"https://iskid.org.tr/ichavakalitesi/#primaryimage"},"image":{"@id":"https://iskid.org.tr/ichavakalitesi/#primaryimage"},"thumbnailUrl":"https://iskid.org.tr/ichavakalitesi/wp-content/uploads/2020/04/İç-Hava-Kalitesi-8-1.jpg","datePublished":"2020-04-03T16:57:41+00:00","dateModified":"2026-01-15T11:56:29+00:00","description":"1992 yılında kurulan İSKİD, günümüzde HVAC endüstrisinin üzerinde çalıştığı önemli konulardan olan “ iç hava kalitesi” ile ilgili bir çalışma başlatmıştır.","breadcrumb":{"@id":"https://iskid.org.tr/ichavakalitesi/#breadcrumb"},"inLanguage":"tr","potentialAction":[{"@type":"ReadAction","target":["https://iskid.org.tr/ichavakalitesi/"]}]},{"@type":"ImageObject","inLanguage":"tr","@id":"https://iskid.org.tr/ichavakalitesi/#primaryimage","url":"https://iskid.org.tr/ichavakalitesi/wp-content/uploads/2020/04/İç-Hava-Kalitesi-8-1.jpg","contentUrl":"https://iskid.org.tr/ichavakalitesi/wp-content/uploads/2020/04/İç-Hava-Kalitesi-8-1.jpg","width":900,"height":600,"caption":"İç Hava Kalitesi"},{"@type":"BreadcrumbList","@id":"https://iskid.org.tr/ichavakalitesi/#breadcrumb","itemListElement":[{"@type":"ListItem","position":1,"name":"Ana sayfa","item":"https://iskid.org.tr/ichavakalitesi/"},{"@type":"ListItem","position":2,"name":"İç Hava Kalitesi"}]},{"@type":"WebSite","@id":"https://iskid.org.tr/ichavakalitesi/#website","url":"https://iskid.org.tr/ichavakalitesi/","name":"İç Hava Kalitesi","description":"İskid","potentialAction":[{"@type":"SearchAction","target":{"@type":"EntryPoint","urlTemplate":"https://iskid.org.tr/ichavakalitesi/?s={search_term_string}"},"query-input":{"@type":"PropertyValueSpecification","valueRequired":true,"valueName":"search_term_string"}}],"inLanguage":"tr"}]}</script>
<!-- / Yoast SEO plugin. -->

İç Hava Kalitesi - İskid / İklimlendirme Soğutma Klima İmalatçıları Derneği

1992 yılında kurulan İSKİD, günümüzde HVAC endüstrisinin üzerinde çalıştığı önemli konulardan olan “ iç hava kalitesi” ile ilgili bir çalışma başlatmıştır.

https://iskid.org.tr/ichavakalitesi/wp-content/uploads/2020/04/İç-Hava-Kalitesi-8-1.jpg

İskid
