{"id":1298,"date":"2020-05-07T13:43:16","date_gmt":"2020-05-07T13:43:16","guid":{"rendered":"https:\/\/iskid.org.tr\/ichavakalitesi\/?page_id=1298"},"modified":"2020-05-09T02:17:08","modified_gmt":"2020-05-09T02:17:08","slug":"basinda-iskid-televizyon","status":"publish","type":"page","link":"https:\/\/iskid.org.tr\/ichavakalitesi\/medya\/basinda-ic-hava-kalitesi\/basinda-iskid-televizyon\/","title":{"rendered":"Bas\u0131nda \u0130SK\u0130D (Televizyon)"},"content":{"rendered":"","protected":false},"excerpt":{"rendered":"","protected":false},"author":1,"featured_media":0,"parent":887,"menu_order":1,"comment_status":"closed","ping_status":"closed","template":"","meta":{"jetpack_post_was_ever_published":false,"footnotes":""},"yoast_head":"<!-- This site is optimized with the Yoast SEO plugin v24.5 - https:\/\/yoast.com\/wordpress\/plugins\/seo\/ -->\n<title>Bas\u0131nda \u0130SK\u0130D (Televizyon) - \u0130\u00e7 Hava Kalitesi<\/title>\n<meta name=\"robots\" content=\"index, follow, max-snippet:-1, max-image-preview:large, max-video-preview:-1\" \/>\n<link rel=\"canonical\" href=\"https:\/\/iskid.org.tr\/ichavakalitesi\/medya\/basinda-ic-hava-kalitesi\/basinda-iskid-televizyon\/\" \/>\n<meta property=\"og:locale\" content=\"tr_TR\" \/>\n<meta property=\"og:type\" content=\"article\" \/>\n<meta property=\"og:title\" content=\"Bas\u0131nda \u0130SK\u0130D (Televizyon) - \u0130\u00e7 Hava Kalitesi\" \/>\n<meta property=\"og:url\" content=\"https:\/\/iskid.org.tr\/ichavakalitesi\/medya\/basinda-ic-hava-kalitesi\/basinda-iskid-televizyon\/\" \/>\n<meta property=\"og:site_name\" content=\"\u0130\u00e7 Hava Kalitesi\" \/>\n<meta property=\"article:modified_time\" content=\"2020-05-09T02:17:08+00:00\" \/>\n<meta name=\"twitter:card\" content=\"summary_large_image\" \/>\n<script type=\"application\/ld+json\" class=\"yoast-schema-graph\">{\"@context\":\"https:\/\/schema.org\",\"@graph\":[{\"@type\":\"WebPage\",\"@id\":\"https:\/\/iskid.org.tr\/ichavakalitesi\/medya\/basinda-ic-hava-kalitesi\/basinda-iskid-televizyon\/\",\"url\":\"https:\/\/iskid.org.tr\/ichavakalitesi\/medya\/basinda-ic-hava-kalitesi\/basinda-iskid-televizyon\/\",\"name\":\"Bas\u0131nda \u0130SK\u0130D (Televizyon) - \u0130\u00e7 Hava Kalitesi\",\"isPartOf\":{\"@id\":\"https:\/\/iskid.org.tr\/ichavakalitesi\/#website\"},\"datePublished\":\"2020-05-07T13:43:16+00:00\",\"dateModified\":\"2020-05-09T02:17:08+00:00\",\"breadcrumb\":{\"@id\":\"https:\/\/iskid.org.tr\/ichavakalitesi\/medya\/basinda-ic-hava-kalitesi\/basinda-iskid-televizyon\/#breadcrumb\"},\"inLanguage\":\"tr\",\"potentialAction\":[{\"@type\":\"ReadAction\",\"target\":[\"https:\/\/iskid.org.tr\/ichavakalitesi\/medya\/basinda-ic-hava-kalitesi\/basinda-iskid-televizyon\/\"]}]},{\"@type\":\"BreadcrumbList\",\"@id\":\"https:\/\/iskid.org.tr\/ichavakalitesi\/medya\/basinda-ic-hava-kalitesi\/basinda-iskid-televizyon\/#breadcrumb\",\"itemListElement\":[{\"@type\":\"ListItem\",\"position\":1,\"name\":\"Ana sayfa\",\"item\":\"https:\/\/iskid.org.tr\/ichavakalitesi\/\"},{\"@type\":\"ListItem\",\"position\":2,\"name\":\"Medya\",\"item\":\"https:\/\/iskid.org.tr\/ichavakalitesi\/medya\/\"},{\"@type\":\"ListItem\",\"position\":3,\"name\":\"Bas\u0131nda \u0130\u00e7 Hava Kalitesi\",\"item\":\"https:\/\/iskid.org.tr\/ichavakalitesi\/medya\/basinda-ic-hava-kalitesi\/\"},{\"@type\":\"ListItem\",\"position\":4,\"name\":\"Bas\u0131nda \u0130SK\u0130D (Televizyon)\"}]},{\"@type\":\"WebSite\",\"@id\":\"https:\/\/iskid.org.tr\/ichavakalitesi\/#website\",\"url\":\"https:\/\/iskid.org.tr\/ichavakalitesi\/\",\"name\":\"\u0130\u00e7 Hava Kalitesi\",\"description\":\"\u0130skid\",\"potentialAction\":[{\"@type\":\"SearchAction\",\"target\":{\"@type\":\"EntryPoint\",\"urlTemplate\":\"https:\/\/iskid.org.tr\/ichavakalitesi\/?s={search_term_string}\"},\"query-input\":{\"@type\":\"PropertyValueSpecification\",\"valueRequired\":true,\"valueName\":\"search_term_string\"}}],\"inLanguage\":\"tr\"}]}<\/script>\n<!-- \/ Yoast SEO plugin. -->","yoast_head_json":{"title":"Bas\u0131nda \u0130SK\u0130D (Televizyon) - \u0130\u00e7 Hava Kalitesi","robots":{"index":"index","follow":"follow","max-snippet":"max-snippet:-1","max-image-preview":"max-image-preview:large","max-video-preview":"max-video-preview:-1"},"canonical":"https:\/\/iskid.org.tr\/ichavakalitesi\/medya\/basinda-ic-hava-kalitesi\/basinda-iskid-televizyon\/","og_locale":"tr_TR","og_type":"article","og_title":"Bas\u0131nda \u0130SK\u0130D (Televizyon) - \u0130\u00e7 Hava Kalitesi","og_url":"https:\/\/iskid.org.tr\/ichavakalitesi\/medya\/basinda-ic-hava-kalitesi\/basinda-iskid-televizyon\/","og_site_name":"\u0130\u00e7 Hava Kalitesi","article_modified_time":"2020-05-09T02:17:08+00:00","twitter_card":"summary_large_image","schema":{"@context":"https:\/\/schema.org","@graph":[{"@type":"WebPage","@id":"https:\/\/iskid.org.tr\/ichavakalitesi\/medya\/basinda-ic-hava-kalitesi\/basinda-iskid-televizyon\/","url":"https:\/\/iskid.org.tr\/ichavakalitesi\/medya\/basinda-ic-hava-kalitesi\/basinda-iskid-televizyon\/","name":"Bas\u0131nda \u0130SK\u0130D (Televizyon) - \u0130\u00e7 Hava Kalitesi","isPartOf":{"@id":"https:\/\/iskid.org.tr\/ichavakalitesi\/#website"},"datePublished":"2020-05-07T13:43:16+00:00","dateModified":"2020-05-09T02:17:08+00:00","breadcrumb":{"@id":"https:\/\/iskid.org.tr\/ichavakalitesi\/medya\/basinda-ic-hava-kalitesi\/basinda-iskid-televizyon\/#breadcrumb"},"inLanguage":"tr","potentialAction":[{"@type":"ReadAction","target":["https:\/\/iskid.org.tr\/ichavakalitesi\/medya\/basinda-ic-hava-kalitesi\/basinda-iskid-televizyon\/"]}]},{"@type":"BreadcrumbList","@id":"https:\/\/iskid.org.tr\/ichavakalitesi\/medya\/basinda-ic-hava-kalitesi\/basinda-iskid-televizyon\/#breadcrumb","itemListElement":[{"@type":"ListItem","position":1,"name":"Ana sayfa","item":"https:\/\/iskid.org.tr\/ichavakalitesi\/"},{"@type":"ListItem","position":2,"name":"Medya","item":"https:\/\/iskid.org.tr\/ichavakalitesi\/medya\/"},{"@type":"ListItem","position":3,"name":"Bas\u0131nda \u0130\u00e7 Hava Kalitesi","item":"https:\/\/iskid.org.tr\/ichavakalitesi\/medya\/basinda-ic-hava-kalitesi\/"},{"@type":"ListItem","position":4,"name":"Bas\u0131nda \u0130SK\u0130D (Televizyon)"}]},{"@type":"WebSite","@id":"https:\/\/iskid.org.tr\/ichavakalitesi\/#website","url":"https:\/\/iskid.org.tr\/ichavakalitesi\/","name":"\u0130\u00e7 Hava Kalitesi","description":"\u0130skid","potentialAction":[{"@type":"SearchAction","target":{"@type":"EntryPoint","urlTemplate":"https:\/\/iskid.org.tr\/ichavakalitesi\/?s={search_term_string}"},"query-input":{"@type":"PropertyValueSpecification","valueRequired":true,"valueName":"search_term_string"}}],"inLanguage":"tr"}]}},"jetpack_sharing_enabled":true,"_links":{"self":[{"href":"https:\/\/iskid.org.tr\/ichavakalitesi\/wp-json\/wp\/v2\/pages\/1298"}],"collection":[{"href":"https:\/\/iskid.org.tr\/ichavakalitesi\/wp-json\/wp\/v2\/pages"}],"about":[{"href":"https:\/\/iskid.org.tr\/ichavakalitesi\/wp-json\/wp\/v2\/types\/page"}],"author":[{"embeddable":true,"href":"https:\/\/iskid.org.tr\/ichavakalitesi\/wp-json\/wp\/v2\/users\/1"}],"replies":[{"embeddable":true,"href":"https:\/\/iskid.org.tr\/ichavakalitesi\/wp-json\/wp\/v2\/comments?post=1298"}],"version-history":[{"count":3,"href":"https:\/\/iskid.org.tr\/ichavakalitesi\/wp-json\/wp\/v2\/pages\/1298\/revisions"}],"predecessor-version":[{"id":1351,"href":"https:\/\/iskid.org.tr\/ichavakalitesi\/wp-json\/wp\/v2\/pages\/1298\/revisions\/1351"}],"up":[{"embeddable":true,"href":"https:\/\/iskid.org.tr\/ichavakalitesi\/wp-json\/wp\/v2\/pages\/887"}],"wp:attachment":[{"href":"https:\/\/iskid.org.tr\/ichavakalitesi\/wp-json\/wp\/v2\/media?parent=1298"}],"curies":[{"name":"wp","href":"https:\/\/api.w.org\/{rel}","templated":true}]}}